is the units digit of 2378169?
9
What is the units digit of 3990486?
6
What is the tens digit of 3430689?
8
What is the ten thousands digit of 1032823?
3
What is the hundreds digit of 16420?
4
What is the hundreds digit of 7554100?
1
What is the millions digit of 6128279?
6
What is the hundred thousands digit of 4375034?
3
What is the hundreds digit of 15929181?
1
What is the tens digit of 30645330?
3
What is the hundred thousands digit of 13337726?
3
What is the units digit of 622081?
1
What is the tens digit of 4531387?
8
What is the thousands digit of 2221635?
1
What is the units digit of 2966522?
2
What is the hundred thousands digit of 1325023?
3
What is the ten thousands digit of 6048305?
4
What is the hundreds digit of 116529?
5
What is the units digit of 963999?
9
What is the ten thousands digit of 8208153?
0
What is the ten thousands digit of 412746?
1
What is the hundreds digit of 397118?
1
What is the units digit of 164208?
8
What is the ten thousands digit of 95308?
9
What is the hundreds digit of 607321?
3
What is the ten thousands digit of 462926?
6
What is the hundreds digit of 727171?
1
What is the hundred thousands digit of 9707830?
7
What is the hundred thousands digit of 1272938?
2
What is the ten thousands digit of 15549718?
4
What is the hundreds digit of 798786?
7
What is the units digit of 303879?
9
What is the hundred thousands digit of 5755725?
7
What is the ten thousands digit of 212009?
1
What is the units digit of 38976344?
4
What is the tens digit of 3947036?
3
What is the millions digit of 1434225?
1
What is the tens digit of 176262?
6
What is the thousands digit of 3518524?
8
What is the thousands digit of 1465480?
5
What is the tens digit of 1440632?
3
What is the hundreds digit of 649741?
7
What is the ten thousands digit of 607465?
0
What is the units digit of 773343?
3
What is the tens digit of 532023?
2
What is the hundreds digit of 50646?
6
What is the thousands digit of 95609?
5
What is the hundreds digit of 13238825?
8
What is the thousands digit of 16033?
6
What is the hundred thousands digit of 144497?
1
What is the hundreds digit of 597750?
7
What is the hundreds digit of 4990692?
6
What is the hundreds digit of 18644402?
4
What is the units digit of 199245?
5
What is the units digit of 152943?
3
What is the units digit of 92152?
2
What is the ten thousands digit of 3559560?
5
What is the tens digit of 22068086?
8
What is the tens digit of 322070?
7
What is the hundreds digit of 2772158?
1
What is the hundreds digit of 4378017?
0
What is the tens digit of 3361682?
8
What is the units digit of 273620?
0
What is the units digit of 720431?
1
What is the tens digit of 227142?
4
What is the hundred thousands digit of 3329557?
3
What is the millions digit of 14623466?
4
What is the tens digit of 226102?
0
What is the thousands digit of 611605?
1
What is the tens digit of 130275?
7
What is the millions digit of 22266092?
2
What is the millions digit of 5826119?
5
What is the hundreds digit of 3576550?
5
What is the hundred thousands digit of 476237?
4
What is the hundred thousands digit of 3140960?
1
What is the ten thousands digit of 1260034?
6
What is the tens digit of 1892123?
2
What is the thousands digit of 3506458?
6
What is the tens digit of 25907390?
9
What is the thousands digit of 301584?
1
What is the millions digit of 8841172?
8
What is the ten thousands digit of 398204?
9
What is the millions digit of 3830423?
3
What is the units digit of 5603011?
1
What is the units digit of 2250480?
0
What is the hundred thousands digit of 4009396?
0
What is the ten thousands digit of 176298?
7
What is the ten thousands digit of 27310776?
1
What is the thousands digit of 2551429?
1
What is the tens digit of 4152393?
9
What is the units digit of 5271678?
8
What is the tens digit of 18446117?
1
What is the ten thousands digit of 5572048?
7
What is the units digit of 223529?
9
What is the tens digit of 1086435?
3
What is the ten thousands digit of 860312?
6
What is the thousands digit of 204861?
4
What is the ten thousands digit of 5517872?
1
What is the thousands digit of 799406?
9
What is the units digit of 3603853?
3
What is the units digit of 2829741?
1
What is the ten thousands digit of 10771666?
7
What is the hundreds digit of 548868?
8
What is the tens digit of 3181004?
0
What is the units digit of 16386514?
4
What is the hundred thousands digit of 5427346?
4
What is the units digit of 5554104?
4
What is the millions digit of 1466596?
1
What is the thousands digit of 7045413?
5
What is the thousands digit of 1727730?
7
What is the ten thousands digit of 42096?
4
What is the units digit of 31966379?
9
What is the units digit of 19196065?
5
What is the thousands digit of 17836286?
6
What is the thousands digit of 36334134?
4
What is the hundred thousands digit of 227269?
2
What is the units digit of 1648269?
9
What is the tens digit of 338557?
5
What is the millions digit of 2183900?
2
What is the thousands digit of 27931835?
1
What is the hundreds digit of 6352368?
3
What is the hundred thousands digit of 21793694?
7
What is the hundred thousands digit of 505359?
5
What is the thousands digit of 769216?
9
What is the hundreds digit of 4381951?
9
What is the thousands digit of 1672616?
2
What is the hundred thousands digit of 982642?
9
What is the thousands digit of 473637?
3
What is the millions digit of 5927819?
5
What is the hundred thousands digit of 11211593?
2
What is the hundreds digit of 2076502?
5
What is the ten thousands digit of 316781?
1
What is the tens digit of 488937?
3
What is the hundred thousands digit of 5979487?
9
What is the thousands digit of 1642079?
2
What is the ten thousands digit of 4859988?
5
What is the thousands digit of 457943?
7
What is the units digit of 234861?
1
What is the hundred thousands digit of 5505013?
5
What is the tens digit of 16521003?
0
What is the thousands digit of 1555195?
5
What is the hundreds digit of 1583927?
9
What is the ten thousands digit of 180895?
8
What is the thousands digit of 9468671?
8
What is the tens digit of 6653003?
0
What is the ten thousands digit of 7470531?
7
What is the hundreds digit of 85987?
9
What is the hundreds digit of 1319458?
4
What is the tens digit of 627247?
4
What is the ten thousands digit of 1375457?
7
What is the hundreds digit of 373579?
5
What is the tens digit of 971799?
9
What is the millions digit of 13550785?
3
What is the thousands digit of 5153977?
3
What is the tens digit of 1992655?
5
What is the thousands digit of 3528777?
8
What is the hundreds digit of 25399?
3
What is the ten millions digit of 21258142?
2
What is the units digit of 245406?
6
What is the thousands digit of 570257?
0
What is the hundred thousands digit of 10171897?
1
What is the hundred thousands digit of 123977?
1
What is the thousands digit of 3357660?
7
What is the thousands digit of 292528?
2
What is the tens digit of 200716?
1
What is the units digit of 4689735?
5
What is the thousands digit of 482105?
2
What is the ten thousands digit of 3075788?
7
What is the thousands digit of 6484871?
4
What is the hundreds digit of 155608?
6
What is the units digit of 91887?
7
What is the hundreds digit of 882950?
9
What is the ten thousands digit of 4334236?
3
What is the units digit of 231461?
1
What is the units digit of 1840724?
4
What is the hundreds digit of 9962325?
3
What is the millions digit of 1049205?
1
What is the hundreds digit of 85331?
3
What is the tens digit of 859627?
2
What is the hundred thousands digit of 709675?
7
What is the units digit of 179176?
6
What is the hundred thousands digit of 1026164?
0
What is the millions digit of 24962179?
4
What is the units digit of 5257135?
5
What is the hundred thousands digit of 188541?
1
What is the hundreds digit of 1769212?
2
What is the tens digit of 303631?
3
What is the tens digit of 596244?
4
What is the ten thousands digit of 33902?
3
What is the ten millions digit of 12018765?
1
What is the ten thousands digit of 4060622?
6
What is the tens digit of 5232274?
7
What is the units digit of 363003?
3
What is the thousands digit of 411628?
1
What is the units digit of 1798573?
3
What is the tens digit of 917135?
3
What is the hundred thousands digit of 20478422?
4
What is the hun